
{"id":266,"date":"2025-10-05T13:27:50","date_gmt":"2025-10-05T11:27:50","guid":{"rendered":"https:\/\/eventos.topografia.upm.es\/ahpgg2026\/?page_id=266"},"modified":"2026-04-19T18:08:09","modified_gmt":"2026-04-19T16:08:09","slug":"content_pt","status":"publish","type":"page","link":"https:\/\/eventos.topografia.upm.es\/ahpgg2026\/pt\/content_pt\/","title":{"rendered":"content_pt"},"content":{"rendered":"\n<h2 class=\"wp-block-heading has-text-align-center\" style=\"border-style:none;border-width:0px;margin-top:var(--wp--preset--spacing--50);margin-bottom:0;font-size:30px\">A Assembleia<\/h2>\n\n\n\n<div id=\"committees\" class=\"wp-block-uagb-container uagb-block-a469fce0 alignfull uagb-is-root-container\"><div class=\"uagb-container-inner-blocks-wrap\">\n<div class=\"wp-block-uagb-advanced-heading uagb-block-003dba0b\"><h2 class=\"uagb-heading-text\">Comit\u00e9s<\/h2><\/div>\n\n\n\n<h2 class=\"wp-block-heading\" style=\"margin-top:var(--wp--preset--spacing--30);margin-bottom:var(--wp--preset--spacing--20);font-size:21px\">Comit\u00e9 organizador<\/h2>\n\n\n\n<ul style=\"margin-top:0;margin-bottom:0\" class=\"wp-block-list\">\n<li><a href=\"https:\/\/www.transportes.gob.es\/organos-colegiados\/comision-espanola-de-geodesia-y-geofisica\/cegg\">Comisi\u00f3n Espa\u00f1ola de Geodesia y Geof\u00edsica<\/a> (CEGG)\n<ul class=\"wp-block-list\">\n<li>Jos\u00e9 Antonio S\u00e1nchez Sobrino<\/li>\n<\/ul>\n<\/li>\n\n\n\n<li><a href=\"https:\/\/www.topografia.upm.es\/\" data-type=\"link\" data-id=\"https:\/\/www.topografia.upm.es\/\">E.T.S.I. en Topograf\u00eda, Geodesia y Cartograf\u00eda<\/a> (UPM)\n<ul class=\"wp-block-list\">\n<li>Ram\u00f3n Pablo Alcarria Garrido<\/li>\n\n\n\n<li>Jos\u00e9 Juan Arranz Justel<\/li>\n\n\n\n<li>Jos\u00e9 Luis Garc\u00eda Pallero<\/li>\n\n\n\n<li>Jorge Miguel Gaspar Escribano<\/li>\n\n\n\n<li>Jos\u00e9 Manuel G\u00f3mez Gim\u00e9nez<\/li>\n\n\n\n<li>Juan Francisco Prieto Mor\u00edn<\/li>\n\n\n\n<li>Joaqu\u00edn del R\u00edo Reyes<\/li>\n\n\n\n<li>Izar Sinde Gonz\u00e1lez<\/li>\n\n\n\n<li>Alejandra Staller V\u00e1zquez<\/li>\n<\/ul>\n<\/li>\n<\/ul>\n\n\n\n<h2 class=\"wp-block-heading\" style=\"margin-top:var(--wp--preset--spacing--30);margin-bottom:var(--wp--preset--spacing--20);font-size:21px\">Comit\u00e9s cient\u00edficos<\/h2>\n\n\n\n<p style=\"margin-top:var(--wp--preset--spacing--20);margin-bottom:var(--wp--preset--spacing--20)\"><strong>S01 &#8211; Geodesia<\/strong><\/p>\n\n\n\n<ul class=\"wp-block-list\">\n<li><strong>Esther Azcue Infanz\u00f3n<\/strong> (Instituto Geogr\u00e1fico Nacional)<\/li>\n\n\n\n<li><strong>Helena Cristina Ribeiro<\/strong> (Dire\u00e7\u00e3o-Geral do Territ\u00f3rio)<\/li>\n\n\n\n<li><strong>David Rodriguez Collantes <\/strong>(Real Instituto y Observatorio de la Armada)<\/li>\n<\/ul>\n\n\n\n<p style=\"margin-top:var(--wp--preset--spacing--20);margin-bottom:var(--wp--preset--spacing--20)\"><strong>S02 &#8211; <strong>Sismologia e F\u00edsica do Interior da Terra<\/strong><\/strong><\/p>\n\n\n\n<ul class=\"wp-block-list\">\n<li><strong>Juli\u00e1n Garc\u00eda Mayordomo <\/strong>(Instituto Geol\u00f3gico y Minero de Espa\u00f1a &#8211; CSIC)<\/li>\n\n\n\n<li><strong>Lu\u00eds Matias<\/strong> (Instituto Dom Luiz, Universidade de Lisboa) <\/li>\n\n\n\n<li><strong>Luc\u00eda Lozano L\u00f3pez de Medrano <\/strong>(Instituto Geogr\u00e1fico Nacional)<\/li>\n<\/ul>\n\n\n\n<p style=\"margin-top:var(--wp--preset--spacing--20);margin-bottom:var(--wp--preset--spacing--20)\"><strong>S03 &#8211; <strong><strong>Geomagnetismo e Aeronomia<\/strong><\/strong><\/strong><\/p>\n\n\n\n<ul class=\"wp-block-list\">\n<li><strong>Joan Miquel Torta Margalef <\/strong>(Consejo Superior de Investigaciones Cient\u00edficas)<\/li>\n\n\n\n<li><strong>Maria Alexandra Pais<\/strong> (Universidad de Coimbra)<\/li>\n\n\n\n<li><strong>Jos\u00e9 Manuel Tordesillas Garc\u00eda-Lillo <\/strong>(Instituto Geogr\u00e1fico Nacional)<\/li>\n<\/ul>\n\n\n\n<p style=\"margin-top:var(--wp--preset--spacing--20);margin-bottom:var(--wp--preset--spacing--20)\"><strong>S04 &#8211; <strong><strong><strong>Vulcanologia<\/strong><\/strong><\/strong><\/strong><\/p>\n\n\n\n<ul class=\"wp-block-list\">\n<li><strong>Carmen L\u00f3pez Moreno <\/strong>(Instituto Geogr\u00e1fico Nacional)<\/li>\n\n\n\n<li><strong>F\u00e1tima Viveiros <\/strong> (Universidade dos A\u00e7ores)<\/li>\n\n\n\n<li><strong>Adelina Geyer Traver <\/strong>(Consejo Superior de Investigaciones Cient\u00edficas)<\/li>\n<\/ul>\n\n\n\n<p style=\"margin-top:var(--wp--preset--spacing--20);margin-bottom:var(--wp--preset--spacing--20)\"><strong>S05 &#8211; <strong>Meteorologia e Climatologia<\/strong><\/strong><\/p>\n\n\n\n<ul class=\"wp-block-list\">\n<li><strong>Fernando Belda Esplugues <\/strong>(Agencia Estatal de Meteorolog\u00eda)<\/li>\n\n\n\n<li><strong>Rui Salgado<\/strong> (Universidade de Evora)<\/li>\n\n\n\n<li><strong>Estrella Guti\u00e9rrez Marco <\/strong>(Agencia Estatal de Meteorolog\u00eda)<\/li>\n<\/ul>\n\n\n\n<p style=\"margin-top:var(--wp--preset--spacing--20);margin-bottom:var(--wp--preset--spacing--20)\"><strong>S06 &#8211; <strong>Oceanografia F\u00edsica<\/strong><\/strong><\/p>\n\n\n\n<ul class=\"wp-block-list\">\n<li><strong>Manuel Vargas Y\u00e1\u00f1ez <\/strong>(Instituto Espa\u00f1ol de Oceanograf\u00eda &#8211; CSIC)&nbsp;<\/li>\n\n\n\n<li><strong>Alexandra Maria Francisco Cravo<\/strong> (Universidade do Algarve)&nbsp;&nbsp;<\/li>\n\n\n\n<li><strong>Elena Tel P\u00e9rez <\/strong>(Instituto Espa\u00f1ol de Oceanograf\u00eda &#8211; CSIC)&nbsp;<\/li>\n<\/ul>\n\n\n\n<p style=\"margin-top:var(--wp--preset--spacing--20);margin-bottom:var(--wp--preset--spacing--20)\"><strong>S07 &#8211; <strong><strong>Hidrologia<\/strong><\/strong><\/strong><\/p>\n\n\n\n<ul class=\"wp-block-list\">\n<li><strong>Luis Mar\u00eda Garrote de Marcos <\/strong>(Universidad Polit\u00e9cnica de Madrid)&nbsp;<\/li>\n\n\n\n<li><strong>Teresa Condesso de Melo<\/strong> (Universidade de Lisboa)&nbsp;&nbsp;<\/li>\n\n\n\n<li><strong>Mirta Dimas Su\u00e1rez <\/strong>(Centro de Estudios y Experimentaci\u00f3n de Obras)&nbsp;&nbsp;<\/li>\n<\/ul>\n\n\n\n<p style=\"margin-top:var(--wp--preset--spacing--20);margin-bottom:var(--wp--preset--spacing--20)\"><strong><strong>S08 \u2013 Geof\u00edsica Aplicada<\/strong>&nbsp;<\/strong><\/p>\n\n\n\n<ul class=\"wp-block-list\">\n<li><strong>Fernando Bohoyo Mu\u00f1oz <\/strong>(Instituto Geol\u00f3gico y Minero de Espa\u00f1a &#8211; CSIC)&nbsp;<\/li>\n\n\n\n<li><strong>Elsa Ramalho<\/strong> (Laborat\u00f3rio Nacional de Energia e Geologia)&nbsp;<\/li>\n\n\n\n<li><strong>Mar\u00eda del Carmen Rey Moral <\/strong>(Instituto Geol\u00f3gico y Minero de Espa\u00f1a &#8211; CSIC)&nbsp;<\/li>\n<\/ul>\n\n\n\n<p style=\"margin-top:var(--wp--preset--spacing--20);margin-bottom:var(--wp--preset--spacing--20)\"><strong><strong>S09 \u2013 Ci\u00eancias da Criosfera<\/strong><\/strong><\/p>\n\n\n\n<ul class=\"wp-block-list\">\n<li><strong>Miguel \u00c1ngel de Pablo Hern\u00e1ndez <\/strong>(Universidad Alcal\u00e1)<\/li>\n\n\n\n<li><strong>Ant\u00f3nio Manuel de Carvalho Soares Correia<\/strong> (Universidade de Evora)<\/li>\n\n\n\n<li><strong>Mar\u00eda Gema Llorens <\/strong>(Consejo Superior de Investigaciones Cient\u00edficas)<\/li>\n<\/ul>\n<\/div><\/div>\n\n\n\n<div id=\"author_instructions\" class=\"wp-block-uagb-container uagb-block-675796fa alignfull uagb-is-root-container\"><div class=\"uagb-container-inner-blocks-wrap\">\n<div class=\"wp-block-uagb-advanced-heading uagb-block-e7ff975a\"><h2 class=\"uagb-heading-text\">Comunica\u00e7\u00f5es<\/h2><\/div>\n\n\n\n<p style=\"margin-top:var(--wp--preset--spacing--40);margin-bottom:0\">Todas as instru\u00e7\u00f5es para a submiss\u00e3o de artigos \u00e0 12\u00aa Assembleia Luso-Espanhola de Geodesia e Geof\u00edsica devem ser seguidas para garantir a consist\u00eancia e a qualidade do conte\u00fado. Por ser um evento ib\u00e9rico e internacional, s\u00e3o aceites artigos escritos em portugu\u00eas, espanhol e ingl\u00eas.<\/p>\n\n\n\n<p style=\"margin-top:var(--wp--preset--spacing--20);margin-bottom:var(--wp--preset--spacing--20)\">Um resumo da apresenta\u00e7\u00e3o (abstract), com um m\u00e1ximo de 300 palavras, dever\u00e1 ser submetido antes do prazo de submiss\u00e3o de resumos, utilizando os seguintes modelos:<\/p>\n\n\n\n<ul style=\"margin-top:0;margin-bottom:0\" class=\"wp-block-list\">\n<li><a href=\"https:\/\/eventos.topografia.upm.es\/ahpgg2026\/wp-content\/uploads\/sites\/2\/2025\/10\/AHPGG2026_abstract_pt.docx\">Modelo de resumo em portugu\u00eas<\/a><\/li>\n\n\n\n<li><a href=\"https:\/\/eventos.topografia.upm.es\/ahpgg2026\/wp-content\/uploads\/sites\/2\/2025\/10\/AHPGG2026_abstract_es.docx\">Modelo de resumo em espanhol<\/a><\/li>\n\n\n\n<li><a href=\"https:\/\/eventos.topografia.upm.es\/ahpgg2026\/wp-content\/uploads\/sites\/2\/2025\/10\/AHPGG2026_abstract_en.docx\">Modelo de resumo em ingl\u00eas<\/a><\/li>\n<\/ul>\n\n\n\n<p style=\"margin-top:var(--wp--preset--spacing--30);margin-bottom:0\">O artigo dever\u00e1 ser submetido atrav\u00e9s do Sistema de Gest\u00e3o de Eventos da Universidade Polit\u00e9cnica de Madrid. O tema da sess\u00e3o e o tipo de apresenta\u00e7\u00e3o (oral ou poster) em que pretende participar devem ser indicados durante a inscri\u00e7\u00e3o. O seguinte guia abrange o processo de inscri\u00e7\u00e3o no Sistema de Gest\u00e3o de Eventos da Universidade Polit\u00e9cnica de Madrid, a submiss\u00e3o do resumo e a inscri\u00e7\u00e3o para o AHPGG 2026: <a href=\"https:\/\/eventos.topografia.upm.es\/ahpgg2026\/wp-content\/uploads\/sites\/2\/2026\/04\/AHPGG_2026_Author_instructions_en_v2.pdf\" target=\"_blank\" rel=\"noreferrer noopener\">Instructions for authors<\/a><\/p>\n\n\n\n<p style=\"margin-top:var(--wp--preset--spacing--30);margin-bottom:0\">A Assembleia ser\u00e1 organizada em 9 sess\u00f5es, coincidindo com os temas que constituem a Comiss\u00e3o Espanhola de Geodesia e Geof\u00edsica:<\/p>\n\n\n\n<ul style=\"margin-top:0;margin-bottom:0\" class=\"wp-block-list\">\n<li>S.01. Geodesia<\/li>\n\n\n\n<li>S.02. Sismologia e F\u00edsica do Interior da Terra<\/li>\n\n\n\n<li>S.03. Geomagnetismo e Aeronomia<\/li>\n\n\n\n<li>S.04. Vulcanologia<\/li>\n\n\n\n<li>S.05. Meteorologia e Ci\u00eancias Atmosf\u00e9ricas<\/li>\n\n\n\n<li>S.06. Oceanografia F\u00edsica<\/li>\n\n\n\n<li>S.07. Hidrologia<\/li>\n\n\n\n<li>S.08. Geof\u00edsica Aplicada<\/li>\n\n\n\n<li>S.09. Ci\u00eancias Criosf\u00e9ricas<\/li>\n<\/ul>\n\n\n\n<p style=\"margin-top:var(--wp--preset--spacing--20);margin-bottom:0\">Posteriormente, at\u00e9 15 de setembro de 2026, dever\u00e3o ser submetidos os trabalhos completos. Aparecer\u00e3o na publica\u00e7\u00e3o da Assembleia e ser\u00e3o enviados digitalmente a todos os participantes. As informa\u00e7\u00f5es sobre o modelo a utilizar para a submiss\u00e3o dos trabalhos finais e o procedimento a seguir ser\u00e3o publicadas em breve.<\/p>\n\n\n\n<p style=\"margin-top:var(--wp--preset--spacing--20);margin-bottom:var(--wp--preset--spacing--20)\">Os trabalhos aceites para apresenta\u00e7\u00e3o oral na Assembleia ter\u00e3o um tempo limite para apresenta\u00e7\u00e3o e um tempo limite para resposta \u00e0s quest\u00f5es colocadas pelos presentes. Estes tempos de apresenta\u00e7\u00e3o ser\u00e3o definidos posteriormente e s\u00e3o de aproximadamente 15 minutos.<\/p>\n\n\n\n<p style=\"margin-top:var(--wp--preset--spacing--20);margin-bottom:0\">As comunica\u00e7\u00f5es apresentadas em formato de poster dever\u00e3o ter no m\u00e1ximo 70 x 100 cm, no formato vertical.<\/p>\n<\/div><\/div>\n\n\n\n<div id=\"registration\" class=\"wp-block-uagb-container uagb-block-d1365163 alignfull uagb-is-root-container\"><div class=\"uagb-container-inner-blocks-wrap\">\n<div class=\"wp-block-uagb-advanced-heading uagb-block-bab540f1\"><h2 class=\"uagb-heading-text\">Inscri\u00e7\u00f5es<\/h2><\/div>\n\n\n\n<p style=\"margin-top:0;margin-bottom:0\">Para participar no AHPGG, precisa de se inscrever na confer\u00eancia. As op\u00e7\u00f5es de inscri\u00e7\u00e3o s\u00e3o as seguintes:<\/p>\n\n\n\n<figure class=\"wp-block-table\"><table><tbody><tr><td><strong>Inscri\u00e7\u00e3o de estudante*<\/strong><br>Para comprovar a condi\u00e7\u00e3o de estudante, o recibo ou comprovativo de matr\u00edcula do curso atual (incluindo dados do aluno, grau ou n\u00edvel de p\u00f3s-gradua\u00e7\u00e3o, disciplinas e comprovativo de pagamento) deve ser anexado no final do formul\u00e1rio de candidatura.<\/td><td class=\"has-text-align-center\" data-align=\"center\">150,00 \u20ac<\/td><\/tr><tr><td><strong>At\u00e9 15 de <strong>maio<\/strong>: Inscri\u00e7\u00f5es antecipadas*<\/strong><\/td><td class=\"has-text-align-center\" data-align=\"center\">250,00 \u20ac<\/td><\/tr><tr><td><strong>A partir de 15 de maio: Inscri\u00e7\u00f5es regulares*<\/strong><br>* As inscri\u00e7\u00f5es para estudantes, com desconto para inscri\u00e7\u00f5es antecipadas e regulares incluem a documenta\u00e7\u00e3o da assembleia, acesso \u00e0s sess\u00f5es cient\u00edficas e workshops, apresenta\u00e7\u00e3o oral ou em poster da comunica\u00e7\u00e3o submetida, publica\u00e7\u00e3o da comunica\u00e7\u00e3o nos anais da assembleia, intervalos para caf\u00e9, visita ao Observat\u00f3rio Real de Astronomia de Madrid com servi\u00e7o de catering, visita \u00e0 ETSI Minas e Energia &#8211; UPM com jantar de gala.<\/td><td class=\"has-text-align-center\" data-align=\"center\">300,00 \u20ac<\/td><\/tr><tr><td><strong>Inscri\u00e7\u00e3o Limitada para Estudantes de Licenciatura e Mestrado (Sem Visitas)<\/strong><br>Esta op\u00e7\u00e3o de inscri\u00e7\u00e3o \u00e9 exclusiva para estudantes de licenciatura e mestrado e inclui materiais da confer\u00eancia, acesso \u00e0s sess\u00f5es cient\u00edficas e workshops, apresenta\u00e7\u00e3o oral ou em poster do artigo submetido, publica\u00e7\u00e3o do artigo nos atas da confer\u00eancia e intervalos para caf\u00e9.<br><strong>N\u00c3O inclui<\/strong>: visitas ao Observat\u00f3rio Real de Astronomia de Madrid e ao ETSI Minas, nem servi\u00e7os de alimenta\u00e7\u00e3o associados.<\/td><td class=\"has-text-align-center\" data-align=\"center\">75,00 \u20ac<\/td><\/tr><tr><td><strong>Inscri\u00e7\u00e3o de acompanhante<\/strong><br>A inscri\u00e7\u00e3o de acompanhante inclui apenas as visitas ao ROAM e ao ETSIME, com servi\u00e7o de catering e jantar com cocktail, respetivamente.&nbsp;&nbsp;&nbsp;&nbsp;&nbsp;&nbsp;&nbsp;&nbsp;&nbsp;&nbsp;&nbsp;&nbsp;&nbsp;&nbsp;<\/td><td class=\"has-text-align-center\" data-align=\"center\">100,00 \u20ac<\/td><\/tr><\/tbody><\/table><\/figure>\n\n\n\n<p style=\"margin-top:0;margin-bottom:0\">Para participar no AHPGG, deve inscrever-se atrav\u00e9s do Sistema de Gest\u00e3o de Eventos da Universidade Polit\u00e9cnica de Madrid. O seguinte guia abrange o processo de inscri\u00e7\u00e3o no Sistema de Gest\u00e3o de Eventos da Universidade Polit\u00e9cnica de Madrid, a submiss\u00e3o do resumo e a inscri\u00e7\u00e3o para o AHPGG 2026: <a href=\"https:\/\/eventos.topografia.upm.es\/ahpgg2026\/wp-content\/uploads\/sites\/2\/2026\/04\/AHPGG_2026_Author_instructions_en_v2.pdf\" target=\"_blank\" rel=\"noreferrer noopener\">Instructions for authors<\/a><\/p>\n\n\n\n<p style=\"margin-top:0;margin-bottom:0\"><\/p>\n<\/div><\/div>\n\n\n\n<div id=\"schedule\" class=\"wp-block-uagb-container uagb-block-2b70cd30 alignwide uagb-is-root-container\">\n<div class=\"wp-block-uagb-container uagb-block-60fb0f9c\">\n<div class=\"wp-block-uagb-advanced-heading uagb-block-d780603c\"><h2 class=\"uagb-heading-text\">Programa preliminar\u200b<\/h2><\/div>\n\n\n\n<div class=\"wp-block-uagb-advanced-heading uagb-block-3af0d49f\"><p class=\"uagb-desc-text\">O AHPGG 2026 ser\u00e1 realizado na Faculdade de Topografia, Geodesia e Cartografia (Universidade Polit\u00e9cnica de Madrid, UPM), de 16 a 19 de junho de 2026.<\/p><\/div>\n<\/div>\n\n\n\n<figure class=\"wp-block-image size-full\"><img loading=\"lazy\" decoding=\"async\" width=\"2432\" height=\"1894\" src=\"https:\/\/eventos.topografia.upm.es\/ahpgg2026\/wp-content\/uploads\/sites\/2\/2026\/03\/programa_pt_v2.png\" alt=\"\" class=\"wp-image-379\" \/><\/figure>\n<\/div>\n\n\n\n\n\n<p><\/p>\n","protected":false},"excerpt":{"rendered":"<p>A Assembleia Comit\u00e9s Comit\u00e9 organizador Comit\u00e9s cient\u00edficos S01 &#8211; Geodesia S02 &#8211; Sismologia e F\u00edsica do Interior da Terra S03 [&hellip;]<\/p>\n","protected":false},"author":2,"featured_media":0,"parent":0,"menu_order":0,"comment_status":"closed","ping_status":"closed","template":"","meta":{"_uag_custom_page_level_css":"","site-sidebar-layout":"default","site-content-layout":"","ast-site-content-layout":"normal-width-container","site-content-style":"default","site-sidebar-style":"default","ast-global-header-display":"","ast-banner-title-visibility":"","ast-main-header-display":"","ast-hfb-above-header-display":"","ast-hfb-below-header-display":"","ast-hfb-mobile-header-display":"","site-post-title":"disabled","ast-breadcrumbs-content":"","ast-featured-img":"","footer-sml-layout":"","ast-disable-related-posts":"","theme-transparent-header-meta":"","adv-header-id-meta":"","stick-header-meta":"","header-above-stick-meta":"","header-main-stick-meta":"","header-below-stick-meta":"","astra-migrate-meta-layouts":"default","ast-page-background-enabled":"default","ast-page-background-meta":{"desktop":{"background-color":"var(--ast-global-color-4)","background-image":"","background-repeat":"repeat","background-position":"center center","background-size":"auto","background-attachment":"scroll","background-type":"","background-media":"","overlay-type":"","overlay-color":"","overlay-opacity":"","overlay-gradient":""},"tablet":{"background-color":"","background-image":"","background-repeat":"repeat","background-position":"center center","background-size":"auto","background-attachment":"scroll","background-type":"","background-media":"","overlay-type":"","overlay-color":"","overlay-opacity":"","overlay-gradient":""},"mobile":{"background-color":"","background-image":"","background-repeat":"repeat","background-position":"center center","background-size":"auto","background-attachment":"scroll","background-type":"","background-media":"","overlay-type":"","overlay-color":"","overlay-opacity":"","overlay-gradient":""}},"ast-content-background-meta":{"desktop":{"background-color":"var(--ast-global-color-5)","background-image":"","background-repeat":"repeat","background-position":"center center","background-size":"auto","background-attachment":"scroll","background-type":"","background-media":"","overlay-type":"","overlay-color":"","overlay-opacity":"","overlay-gradient":""},"tablet":{"background-color":"var(--ast-global-color-5)","background-image":"","background-repeat":"repeat","background-position":"center center","background-size":"auto","background-attachment":"scroll","background-type":"","background-media":"","overlay-type":"","overlay-color":"","overlay-opacity":"","overlay-gradient":""},"mobile":{"background-color":"var(--ast-global-color-5)","background-image":"","background-repeat":"repeat","background-position":"center center","background-size":"auto","background-attachment":"scroll","background-type":"","background-media":"","overlay-type":"","overlay-color":"","overlay-opacity":"","overlay-gradient":""}},"footnotes":""},"class_list":["post-266","page","type-page","status-publish","hentry"],"uagb_featured_image_src":{"full":false,"thumbnail":false,"medium":false,"medium_large":false,"large":false,"1536x1536":false,"2048x2048":false},"uagb_author_info":{"display_name":"ahpgg2026","author_link":"https:\/\/eventos.topografia.upm.es\/ahpgg2026\/author\/ahpgg2026\/"},"uagb_comment_info":0,"uagb_excerpt":"A Assembleia Comit\u00e9s Comit\u00e9 organizador Comit\u00e9s cient\u00edficos S01 &#8211; Geodesia S02 &#8211; Sismologia e F\u00edsica do Interior da Terra S03 [&hellip;]","_links":{"self":[{"href":"https:\/\/eventos.topografia.upm.es\/ahpgg2026\/wp-json\/wp\/v2\/pages\/266","targetHints":{"allow":["GET"]}}],"collection":[{"href":"https:\/\/eventos.topografia.upm.es\/ahpgg2026\/wp-json\/wp\/v2\/pages"}],"about":[{"href":"https:\/\/eventos.topografia.upm.es\/ahpgg2026\/wp-json\/wp\/v2\/types\/page"}],"author":[{"embeddable":true,"href":"https:\/\/eventos.topografia.upm.es\/ahpgg2026\/wp-json\/wp\/v2\/users\/2"}],"replies":[{"embeddable":true,"href":"https:\/\/eventos.topografia.upm.es\/ahpgg2026\/wp-json\/wp\/v2\/comments?post=266"}],"version-history":[{"count":14,"href":"https:\/\/eventos.topografia.upm.es\/ahpgg2026\/wp-json\/wp\/v2\/pages\/266\/revisions"}],"predecessor-version":[{"id":453,"href":"https:\/\/eventos.topografia.upm.es\/ahpgg2026\/wp-json\/wp\/v2\/pages\/266\/revisions\/453"}],"wp:attachment":[{"href":"https:\/\/eventos.topografia.upm.es\/ahpgg2026\/wp-json\/wp\/v2\/media?parent=266"}],"curies":[{"name":"wp","href":"https:\/\/api.w.org\/{rel}","templated":true}]}}