
{"id":133,"date":"2025-09-09T12:25:28","date_gmt":"2025-09-09T10:25:28","guid":{"rendered":"https:\/\/eventos.topografia.upm.es\/ahpgg2026\/?page_id=133"},"modified":"2026-04-19T18:08:47","modified_gmt":"2026-04-19T16:08:47","slug":"content","status":"publish","type":"page","link":"https:\/\/eventos.topografia.upm.es\/ahpgg2026\/content\/","title":{"rendered":"content"},"content":{"rendered":"\n<h2 class=\"wp-block-heading has-text-align-center\" style=\"border-style:none;border-width:0px;margin-top:var(--wp--preset--spacing--50);margin-bottom:0;font-size:30px\">La Asamblea<\/h2>\n\n\n\n<div id=\"committees\" class=\"wp-block-uagb-container uagb-block-a469fce0 alignfull uagb-is-root-container\"><div class=\"uagb-container-inner-blocks-wrap\">\n<div class=\"wp-block-uagb-advanced-heading uagb-block-003dba0b\"><h2 class=\"uagb-heading-text\">Comit\u00e9s<\/h2><\/div>\n\n\n\n<h2 class=\"wp-block-heading\" style=\"margin-top:var(--wp--preset--spacing--30);margin-bottom:var(--wp--preset--spacing--20);font-size:21px\">Comit\u00e9 organizador<\/h2>\n\n\n\n<ul style=\"margin-top:0;margin-bottom:0\" class=\"wp-block-list\">\n<li><a href=\"https:\/\/www.transportes.gob.es\/organos-colegiados\/comision-espanola-de-geodesia-y-geofisica\/cegg\">Comisi\u00f3n Espa\u00f1ola de Geodesia y Geof\u00edsica<\/a> (CEGG)\n<ul class=\"wp-block-list\">\n<li>Jos\u00e9 Antonio S\u00e1nchez Sobrino<\/li>\n<\/ul>\n<\/li>\n\n\n\n<li><a href=\"https:\/\/www.topografia.upm.es\/\" data-type=\"link\" data-id=\"https:\/\/www.topografia.upm.es\/\">E.T.S.I. en Topograf\u00eda, Geodesia y Cartograf\u00eda<\/a> (UPM)\n<ul class=\"wp-block-list\">\n<li>Ram\u00f3n Pablo Alcarria Garrido<\/li>\n\n\n\n<li>Jos\u00e9 Juan Arranz Justel<\/li>\n\n\n\n<li>Jos\u00e9 Luis Garc\u00eda Pallero<\/li>\n\n\n\n<li>Jorge Miguel Gaspar Escribano<\/li>\n\n\n\n<li>Jos\u00e9 Manuel G\u00f3mez Gim\u00e9nez<\/li>\n\n\n\n<li>Juan Francisco Prieto Mor\u00edn<\/li>\n\n\n\n<li>Joaqu\u00edn del R\u00edo Reyes<\/li>\n\n\n\n<li>Izar Sinde Gonz\u00e1lez<\/li>\n\n\n\n<li>Alejandra Staller V\u00e1zquez<\/li>\n<\/ul>\n<\/li>\n<\/ul>\n\n\n\n<h2 class=\"wp-block-heading\" style=\"margin-top:var(--wp--preset--spacing--40);margin-bottom:var(--wp--preset--spacing--20);font-size:21px\">Comit\u00e9 cient\u00edfico<\/h2>\n\n\n\n<p style=\"margin-top:var(--wp--preset--spacing--20);margin-bottom:var(--wp--preset--spacing--20)\"><strong>S01 &#8211; Geodesia<\/strong><\/p>\n\n\n\n<ul class=\"wp-block-list\">\n<li><strong>Esther Azcue Infanz\u00f3n<\/strong> (Instituto Geogr\u00e1fico Nacional)<\/li>\n\n\n\n<li><strong>Helena Cristina Ribeiro<\/strong> (Dire\u00e7\u00e3o-Geral do Territ\u00f3rio)<\/li>\n\n\n\n<li><strong>David Rodriguez Collantes <\/strong>(Real Instituto y Observatorio de la Armada)<\/li>\n<\/ul>\n\n\n\n<p style=\"margin-top:var(--wp--preset--spacing--20);margin-bottom:var(--wp--preset--spacing--20)\"><strong>S02 &#8211; <strong>Sismolog\u00eda y Fisica del Interior de la Tierra<\/strong><\/strong><\/p>\n\n\n\n<ul class=\"wp-block-list\">\n<li><strong>Juli\u00e1n Garc\u00eda Mayordomo <\/strong>(Instituto Geol\u00f3gico y Minero de Espa\u00f1a &#8211; CSIC)<\/li>\n\n\n\n<li><strong>Lu\u00eds Matias<\/strong> (Instituto Dom Luiz, Universidade de Lisboa) <\/li>\n\n\n\n<li><strong>Luc\u00eda Lozano L\u00f3pez de Medrano <\/strong>(Instituto Geogr\u00e1fico Nacional)<\/li>\n<\/ul>\n\n\n\n<p style=\"margin-top:var(--wp--preset--spacing--20);margin-bottom:var(--wp--preset--spacing--20)\"><strong>S03 &#8211; <strong><strong>Geomagnetismo y Aeronom\u00eda<\/strong><\/strong><\/strong><\/p>\n\n\n\n<ul class=\"wp-block-list\">\n<li><strong>Joan Miquel Torta Margalef <\/strong>(Consejo Superior de Investigaciones Cient\u00edficas)<\/li>\n\n\n\n<li><strong>Maria Alexandra Pais<\/strong> (Universidad de Coimbra)<\/li>\n\n\n\n<li><strong>Jos\u00e9 Manuel Tordesillas Garc\u00eda-Lillo <\/strong>(Instituto Geogr\u00e1fico Nacional)<\/li>\n<\/ul>\n\n\n\n<p style=\"margin-top:var(--wp--preset--spacing--20);margin-bottom:var(--wp--preset--spacing--20)\"><strong>S04 &#8211; <strong><strong><strong>Volcanolog\u00eda<\/strong><\/strong><\/strong><\/strong><\/p>\n\n\n\n<ul class=\"wp-block-list\">\n<li><strong>Carmen L\u00f3pez Moreno <\/strong>(Instituto Geogr\u00e1fico Nacional)<\/li>\n\n\n\n<li><strong>F\u00e1tima Viveiros <\/strong> (Universidade dos A\u00e7ores)<\/li>\n\n\n\n<li><strong>Adelina Geyer Traver <\/strong>(Consejo Superior de Investigaciones Cient\u00edficas)<\/li>\n<\/ul>\n\n\n\n<p style=\"margin-top:var(--wp--preset--spacing--20);margin-bottom:var(--wp--preset--spacing--20)\"><strong>S05 &#8211; <strong>Meteorolog\u00eda y Climatolog\u00eda<\/strong><\/strong><\/p>\n\n\n\n<ul class=\"wp-block-list\">\n<li><strong>Fernando Belda Esplugues <\/strong>(Agencia Estatal de Meteorolog\u00eda)<\/li>\n\n\n\n<li><strong>Rui Salgado<\/strong> (Universidade de Evora)<\/li>\n\n\n\n<li><strong>Estrella Guti\u00e9rrez Marco <\/strong>(Agencia Estatal de Meteorolog\u00eda)<\/li>\n<\/ul>\n\n\n\n<p style=\"margin-top:var(--wp--preset--spacing--20);margin-bottom:var(--wp--preset--spacing--20)\"><strong>S06 &#8211; <strong>Oceanograf\u00eda F\u00edsica<\/strong><\/strong><\/p>\n\n\n\n<ul class=\"wp-block-list\">\n<li><strong>Manuel Vargas Y\u00e1\u00f1ez <\/strong>(Instituto Espa\u00f1ol de Oceanograf\u00eda &#8211; CSIC)&nbsp;<\/li>\n\n\n\n<li><strong>Alexandra Maria Francisco Cravo<\/strong> (Universidade do Algarve)&nbsp;&nbsp;<\/li>\n\n\n\n<li><strong>Elena Tel P\u00e9rez <\/strong>(Instituto Espa\u00f1ol de Oceanograf\u00eda &#8211; CSIC)&nbsp;<\/li>\n<\/ul>\n\n\n\n<p style=\"margin-top:var(--wp--preset--spacing--20);margin-bottom:var(--wp--preset--spacing--20)\"><strong>S07 &#8211; <strong><strong>Hidrolog\u00eda<\/strong><\/strong><\/strong><\/p>\n\n\n\n<ul class=\"wp-block-list\">\n<li><strong>Luis Mar\u00eda Garrote de Marcos <\/strong>(Universidad Polit\u00e9cnica de Madrid)&nbsp;<\/li>\n\n\n\n<li><strong>Teresa Condesso de Melo<\/strong> (Universidade de Lisboa)&nbsp;&nbsp;<\/li>\n\n\n\n<li><strong>Mirta Dimas Su\u00e1rez <\/strong>(Centro de Estudios y Experimentaci\u00f3n de Obras)&nbsp;&nbsp;<\/li>\n<\/ul>\n\n\n\n<p style=\"margin-top:var(--wp--preset--spacing--20);margin-bottom:var(--wp--preset--spacing--20)\"><strong><strong>S08 \u2013 Geof\u00edsica Aplicada<\/strong>&nbsp;<\/strong><\/p>\n\n\n\n<ul class=\"wp-block-list\">\n<li><strong>Fernando Bohoyo Mu\u00f1oz <\/strong>(Instituto Geol\u00f3gico y Minero de Espa\u00f1a &#8211; CSIC)&nbsp;<\/li>\n\n\n\n<li><strong>Elsa Ramalho<\/strong> (Laborat\u00f3rio Nacional de Energia e Geologia)&nbsp;<\/li>\n\n\n\n<li><strong>Mar\u00eda del Carmen Rey Moral <\/strong>(Instituto Geol\u00f3gico y Minero de Espa\u00f1a &#8211; CSIC)&nbsp;<\/li>\n<\/ul>\n\n\n\n<p style=\"margin-top:var(--wp--preset--spacing--20);margin-bottom:var(--wp--preset--spacing--20)\"><strong><strong>S09 \u2013 Ciencias Criosf\u00e9ricas<\/strong><\/strong><\/p>\n\n\n\n<ul class=\"wp-block-list\">\n<li><strong>Miguel \u00c1ngel de Pablo Hern\u00e1ndez <\/strong>(Universidad Alcal\u00e1)<\/li>\n\n\n\n<li><strong>Ant\u00f3nio Manuel de Carvalho Soares Correia<\/strong> (Universidade de Evora)<\/li>\n\n\n\n<li><strong>Mar\u00eda Gema Llorens <\/strong>(Consejo Superior de Investigaciones Cient\u00edficas)<\/li>\n<\/ul>\n<\/div><\/div>\n\n\n\n<div id=\"author_instructions\" class=\"wp-block-uagb-container uagb-block-675796fa alignfull uagb-is-root-container\"><div class=\"uagb-container-inner-blocks-wrap\">\n<div class=\"wp-block-uagb-advanced-heading uagb-block-e7ff975a\"><h2 class=\"uagb-heading-text\">Comunicaciones<\/h2><\/div>\n\n\n\n<p style=\"margin-top:var(--wp--preset--spacing--40);margin-bottom:0\">Se deber\u00e1n seguir todas las instrucciones para la presentaci\u00f3n de art\u00edculos a la XII Asamblea Hispano-Portuguesa de Geodesia y Geof\u00edsica, para garantizar la uniformidad y calidad de su contenido. Como evento ib\u00e9rico e internacional, se aceptan trabajos escritos en portugu\u00e9s, espa\u00f1ol e ingl\u00e9s.<\/p>\n\n\n\n<p style=\"margin-top:var(--wp--preset--spacing--20);margin-bottom:var(--wp--preset--spacing--20)\">Se deber\u00e1 enviar un resumen de la presentaci\u00f3n (abstract), de un m\u00e1ximo de 300 palabras, antes de la fecha l\u00edmite de env\u00edo de res\u00famenes, usando las siguientes plantillas:<\/p>\n\n\n\n<ul style=\"margin-top:0;margin-bottom:0\" class=\"wp-block-list\">\n<li><a href=\"https:\/\/eventos.topografia.upm.es\/ahpgg2026\/wp-content\/uploads\/sites\/2\/2025\/10\/AHPGG2026_abstract_pt.docx\">Plantilla para resumen en Portugu\u00e9s<\/a><\/li>\n\n\n\n<li><a href=\"https:\/\/eventos.topografia.upm.es\/ahpgg2026\/wp-content\/uploads\/sites\/2\/2025\/10\/AHPGG2026_abstract_es.docx\">Plantilla para resumen en Espa\u00f1ol<\/a><\/li>\n\n\n\n<li><a href=\"https:\/\/eventos.topografia.upm.es\/ahpgg2026\/wp-content\/uploads\/sites\/2\/2025\/10\/AHPGG2026_abstract_en.docx\">Plantilla para resumen en Ingl\u00e9s<\/a><\/li>\n<\/ul>\n\n\n\n<p style=\"margin-top:var(--wp--preset--spacing--30);margin-bottom:0\">El abstract debe enviarse a a trav\u00e9s del <a href=\"http:\/\/eventos.upm.es\/login\/index\/139655.html\" target=\"_blank\" rel=\"noreferrer noopener\">Sistema de Gesti\u00f3n de Eventos de la Universidad Polit\u00e9cnica de Madrid<\/a>, indicando en el registro el tema de la sesi\u00f3n y el tipo de presentaci\u00f3n (oral o poster) en la que desea participar. <strong>La siguiente gu\u00eda cubre el proceso de registro en el Sistema de Gesti\u00f3n de Eventos de la Universidad Polit\u00e9cnica de Madrid, el env\u00edo del resumen (abstract), y la inscripci\u00f3n al AHPGG 2026: <\/strong><a href=\"https:\/\/eventos.topografia.upm.es\/ahpgg2026\/wp-content\/uploads\/sites\/2\/2026\/04\/AHPGG_2026_Author_instructions_es_v2.pdf\" data-type=\"attachment\" data-id=\"383\" target=\"_blank\" rel=\"noreferrer noopener\">Instrucciones para autores<\/a><\/p>\n\n\n\n<p style=\"margin-top:var(--wp--preset--spacing--30);margin-bottom:0\">La Asamblea se organizar\u00e1 en 9 sesiones, coincidiendo con los temas que constituyen la Comisi\u00f3n Espa\u00f1ola de Geodesia y Geof\u00edsica:<\/p>\n\n\n\n<ul style=\"margin-top:0;margin-bottom:0\" class=\"wp-block-list\">\n<li>S.01. Geodesia<\/li>\n\n\n\n<li>S.02. Sismolog\u00eda y F\u00edsica del Interior de la Tierra<\/li>\n\n\n\n<li>S.03. Geomagnetismo y Aeronom\u00eda<\/li>\n\n\n\n<li>S.04. Vulcanolog\u00eda<\/li>\n\n\n\n<li>S.05. Meteorolog\u00eda y Ciencias Atmosf\u00e9ricas<\/li>\n\n\n\n<li>S.06. Oceanograf\u00eda F\u00edsica<\/li>\n\n\n\n<li>S.07. Hidrolog\u00eda<\/li>\n\n\n\n<li>S.08. Geof\u00edsica Aplicada<\/li>\n\n\n\n<li>S.09. Ciencias de la Criosfera<\/li>\n<\/ul>\n\n\n\n<p style=\"margin-top:var(--wp--preset--spacing--30);margin-bottom:0\">Posteriormente, antes del 15 de Septiembre 2026, se deber\u00e1n enviar los art\u00edculos completos, los cuales aparecer\u00e1n en la publicaci\u00f3n de la Asamblea y ser\u00e1n enviados en formato digital a todos los participantes. Pr\u00f3ximamente se publicar\u00e1 informaci\u00f3n sobre la plantilla a utilizar para el env\u00edo de los trabajos finales y el procedimiento a seguir.<\/p>\n\n\n\n<p style=\"margin-top:var(--wp--preset--spacing--20);margin-bottom:var(--wp--preset--spacing--20)\">Las comunicaciones aceptadas en la Asamblea para presentaci\u00f3n oral tendr\u00e1n un tiempo de presentaci\u00f3n y otro para responder a las dudas planteadas por los presentes. Estos tiempos de exposici\u00f3n se definir\u00e1n m\u00e1s adelante, en torno a los 15 minutos.<\/p>\n\n\n\n<p style=\"margin-top:var(--wp--preset--spacing--20);margin-bottom:0\">Las comunicaciones cuya presentaci\u00f3n se haga mediante p\u00f3ster, deber\u00e1n ce\u00f1irse a unas dimensiones m\u00e1ximas de 70 x 100 cm, en formato vertical.<\/p>\n<\/div><\/div>\n\n\n\n<div id=\"registration\" class=\"wp-block-uagb-container uagb-block-d1365163 alignfull uagb-is-root-container\"><div class=\"uagb-container-inner-blocks-wrap\">\n<div class=\"wp-block-uagb-advanced-heading uagb-block-bab540f1\"><h2 class=\"uagb-heading-text\">Registro e inscripci\u00f3n<\/h2><\/div>\n\n\n\n<p>Para participar en la AHPGG deber\u00e1 realizar una inscripci\u00f3n en el congreso. Las modalidades de inscripci\u00f3n son las siguientes:<\/p>\n\n\n\n<figure class=\"wp-block-table\"><table><tbody><tr><td><strong>Inscripci\u00f3n estudiante*<\/strong><br>Para acreditar la condici\u00f3n de estudiante se deber\u00e1 adjuntar al final del formulario de inscripci\u00f3n el resguardo o justificante de la matr\u00edcula del curso actual (que incluya los datos del estudiante, el grado o posgrado, las asignaturas y la confirmaci\u00f3n de pago).<\/td><td class=\"has-text-align-center\" data-align=\"center\">150,00 \u20ac<\/td><\/tr><tr><td><strong>Hasta 15 de Mayo: Inscripci\u00f3n anticipada*\u00a0<\/strong><\/td><td class=\"has-text-align-center\" data-align=\"center\">250,00 \u20ac<\/td><\/tr><tr><td><strong>A partir del 15 de Mayo: Inscripci\u00f3n normal*\u00a0<\/strong><br>* Inscripciones estudiante, anticipada y normal incluyen documentaci\u00f3n de la asamblea, acceso a las sesiones cient\u00edficas y talleres, presentaci\u00f3n oral o poster de la comunicaci\u00f3n enviada, publicaci\u00f3n de la comunicaci\u00f3n en actas de la asamblea, coffee breaks, visita al Real Observatorio Astron\u00f3mico de Madrid con c\u00e1tering, visita ETSI Minas y Energ\u00eda &#8211; UPM con cena-coctel.\u00a0 \u00a0 \u00a0\u00a0<\/td><td class=\"has-text-align-center\" data-align=\"center\">300,00 \u20ac<\/td><\/tr><tr><td><strong>Inscripci\u00f3n limitada Grado o M\u00e1ster sin visitas&nbsp;<\/strong><br>Esta modalidad de inscripci\u00f3n es exclusiva para estudiantes de Grado o M\u00e1ster, e incluye documentaci\u00f3n de la asamblea, acceso a las sesiones cient\u00edficas y talleres, presentaci\u00f3n oral o poster de la comunicaci\u00f3n enviada, publicaci\u00f3n de la comunicaci\u00f3n en actas de la asamblea, coffee breaks.&nbsp;<br><strong>NO INCLUYE<\/strong>: Visitas ROAM y ETSI Minas, ni caterings asociados.<\/td><td class=\"has-text-align-center\" data-align=\"center\">75,00 \u20ac<\/td><\/tr><tr><td><strong>Registro de acompa\u00f1ante&nbsp;&nbsp;<\/strong>&nbsp; &nbsp; &nbsp; &nbsp;&nbsp;<br>Registro de acompa\u00f1ante incluye \u00fanicamente visitas ROAM y ETSIME con c\u00e1tering y cena-coctel respectivamente&nbsp;&nbsp;&nbsp;&nbsp;&nbsp;&nbsp;&nbsp;&nbsp;&nbsp;&nbsp;&nbsp;&nbsp;&nbsp;&nbsp;&nbsp;&nbsp;&nbsp;&nbsp;&nbsp;<\/td><td class=\"has-text-align-center\" data-align=\"center\">100,00 \u20ac<\/td><\/tr><\/tbody><\/table><\/figure>\n\n\n\n<p style=\"margin-top:0;margin-bottom:0\">Para participar en AHPGG 2026, es necesario registrarse a trav\u00e9s del <a href=\"http:\/\/eventos.upm.es\/login\/index\/139655.html\" target=\"_blank\" rel=\"noreferrer noopener\">Sistema de Gesti\u00f3n de Eventos de la Universidad Polit\u00e9cnica de Madrid.<\/a> <strong>La siguiente gu\u00eda cubre el proceso de registro en el Sistema de Gesti\u00f3n de Eventos de la Universidad Polit\u00e9cnica de Madrid, el env\u00edo del resumen (abstract), y la inscripci\u00f3n al AHPGG 2026: <\/strong><a href=\"https:\/\/eventos.topografia.upm.es\/ahpgg2026\/wp-content\/uploads\/sites\/2\/2026\/04\/AHPGG_2026_Author_instructions_es_v2.pdf\" data-type=\"attachment\" data-id=\"383\" target=\"_blank\" rel=\"noreferrer noopener\">Instrucciones para autores<\/a><\/p>\n<\/div><\/div>\n\n\n\n<div id=\"schedule\" class=\"wp-block-uagb-container uagb-block-2b70cd30 alignwide uagb-is-root-container\">\n<div class=\"wp-block-uagb-container uagb-block-60fb0f9c\">\n<div class=\"wp-block-uagb-advanced-heading uagb-block-d780603c\"><h2 class=\"uagb-heading-text\">Programa\u200b preliminar<\/h2><\/div>\n\n\n\n<div class=\"wp-block-uagb-advanced-heading uagb-block-3af0d49f\"><p class=\"uagb-desc-text\">AHPGG 2026 se celebrar\u00e1 en la <a href=\"https:\/\/www.topografia.upm.es\/LaEscuela\/Situacion\" data-type=\"link\" data-id=\"https:\/\/www.topografia.upm.es\/LaEscuela\/Situacion\">Escuela T\u00e9cnica Superior de Ingenieros en Topograf\u00eda, Geodesia y Cartograf\u00eda<\/a> (Universidad Polit\u00e9cnica de Madrid, UPM), del 16 a 19 de junio de 2026.<\/p><\/div>\n<\/div>\n\n\n\n<figure class=\"wp-block-image size-full\"><img loading=\"lazy\" decoding=\"async\" width=\"2446\" height=\"1914\" src=\"https:\/\/eventos.topografia.upm.es\/ahpgg2026\/wp-content\/uploads\/sites\/2\/2026\/03\/programa_v2.png\" alt=\"\" class=\"wp-image-377\" style=\"aspect-ratio:1.2258387581372059;object-fit:contain\" \/><\/figure>\n<\/div>\n\n\n\n\n\n<p><\/p>\n","protected":false},"excerpt":{"rendered":"<p>La Asamblea Comit\u00e9s Comit\u00e9 organizador Comit\u00e9 cient\u00edfico S01 &#8211; Geodesia S02 &#8211; Sismolog\u00eda y Fisica del Interior de la Tierra [&hellip;]<\/p>\n","protected":false},"author":2,"featured_media":0,"parent":0,"menu_order":0,"comment_status":"closed","ping_status":"closed","template":"","meta":{"_uag_custom_page_level_css":"","site-sidebar-layout":"default","site-content-layout":"","ast-site-content-layout":"normal-width-container","site-content-style":"default","site-sidebar-style":"default","ast-global-header-display":"","ast-banner-title-visibility":"","ast-main-header-display":"","ast-hfb-above-header-display":"","ast-hfb-below-header-display":"","ast-hfb-mobile-header-display":"","site-post-title":"disabled","ast-breadcrumbs-content":"","ast-featured-img":"","footer-sml-layout":"","ast-disable-related-posts":"","theme-transparent-header-meta":"","adv-header-id-meta":"","stick-header-meta":"","header-above-stick-meta":"","header-main-stick-meta":"","header-below-stick-meta":"","astra-migrate-meta-layouts":"default","ast-page-background-enabled":"default","ast-page-background-meta":{"desktop":{"background-color":"var(--ast-global-color-4)","background-image":"","background-repeat":"repeat","background-position":"center center","background-size":"auto","background-attachment":"scroll","background-type":"","background-media":"","overlay-type":"","overlay-color":"","overlay-opacity":"","overlay-gradient":""},"tablet":{"background-color":"","background-image":"","background-repeat":"repeat","background-position":"center center","background-size":"auto","background-attachment":"scroll","background-type":"","background-media":"","overlay-type":"","overlay-color":"","overlay-opacity":"","overlay-gradient":""},"mobile":{"background-color":"","background-image":"","background-repeat":"repeat","background-position":"center center","background-size":"auto","background-attachment":"scroll","background-type":"","background-media":"","overlay-type":"","overlay-color":"","overlay-opacity":"","overlay-gradient":""}},"ast-content-background-meta":{"desktop":{"background-color":"var(--ast-global-color-5)","background-image":"","background-repeat":"repeat","background-position":"center center","background-size":"auto","background-attachment":"scroll","background-type":"","background-media":"","overlay-type":"","overlay-color":"","overlay-opacity":"","overlay-gradient":""},"tablet":{"background-color":"var(--ast-global-color-5)","background-image":"","background-repeat":"repeat","background-position":"center center","background-size":"auto","background-attachment":"scroll","background-type":"","background-media":"","overlay-type":"","overlay-color":"","overlay-opacity":"","overlay-gradient":""},"mobile":{"background-color":"var(--ast-global-color-5)","background-image":"","background-repeat":"repeat","background-position":"center center","background-size":"auto","background-attachment":"scroll","background-type":"","background-media":"","overlay-type":"","overlay-color":"","overlay-opacity":"","overlay-gradient":""}},"footnotes":""},"class_list":["post-133","page","type-page","status-publish","hentry"],"uagb_featured_image_src":{"full":false,"thumbnail":false,"medium":false,"medium_large":false,"large":false,"1536x1536":false,"2048x2048":false},"uagb_author_info":{"display_name":"ahpgg2026","author_link":"https:\/\/eventos.topografia.upm.es\/ahpgg2026\/author\/ahpgg2026\/"},"uagb_comment_info":0,"uagb_excerpt":"La Asamblea Comit\u00e9s Comit\u00e9 organizador Comit\u00e9 cient\u00edfico S01 &#8211; Geodesia S02 &#8211; Sismolog\u00eda y Fisica del Interior de la Tierra [&hellip;]","_links":{"self":[{"href":"https:\/\/eventos.topografia.upm.es\/ahpgg2026\/wp-json\/wp\/v2\/pages\/133","targetHints":{"allow":["GET"]}}],"collection":[{"href":"https:\/\/eventos.topografia.upm.es\/ahpgg2026\/wp-json\/wp\/v2\/pages"}],"about":[{"href":"https:\/\/eventos.topografia.upm.es\/ahpgg2026\/wp-json\/wp\/v2\/types\/page"}],"author":[{"embeddable":true,"href":"https:\/\/eventos.topografia.upm.es\/ahpgg2026\/wp-json\/wp\/v2\/users\/2"}],"replies":[{"embeddable":true,"href":"https:\/\/eventos.topografia.upm.es\/ahpgg2026\/wp-json\/wp\/v2\/comments?post=133"}],"version-history":[{"count":38,"href":"https:\/\/eventos.topografia.upm.es\/ahpgg2026\/wp-json\/wp\/v2\/pages\/133\/revisions"}],"predecessor-version":[{"id":454,"href":"https:\/\/eventos.topografia.upm.es\/ahpgg2026\/wp-json\/wp\/v2\/pages\/133\/revisions\/454"}],"wp:attachment":[{"href":"https:\/\/eventos.topografia.upm.es\/ahpgg2026\/wp-json\/wp\/v2\/media?parent=133"}],"curies":[{"name":"wp","href":"https:\/\/api.w.org\/{rel}","templated":true}]}}